{"id":18860,"date":"2021-06-19T17:29:30","date_gmt":"2021-06-19T17:29:30","guid":{"rendered":"https:\/\/feda.org\/feda2k16\/?page_id=18860"},"modified":"2021-11-07T15:23:43","modified_gmt":"2021-11-07T15:23:43","slug":"campeonatos-de-espana-2021","status":"publish","type":"page","link":"https:\/\/feda.org\/feda2k16\/campeonatos-de-espana-2021\/","title":{"rendered":"Campeonatos de Espa\u00f1a 2021"},"content":{"rendered":"\n<p>C<a href=\"https:\/\/feda.org\/feda2k16\/campeonato-de-espana-de-veteranos-6\/\" data-type=\"URL\" data-id=\"https:\/\/feda.org\/feda2k16\/campeonato-de-espana-de-veteranos-6\/\">ampeonato de Espa\u00f1a de Veteranos<\/a><\/p>\n\n\n\n<p><a href=\"https:\/\/feda.org\/feda2k16\/c-e-por-equipos-de-division-de-honor-viii-centenario-alfonso-x-el-sabio\/\" data-type=\"URL\" data-id=\"https:\/\/feda.org\/feda2k16\/c-e-por-equipos-de-division-de-honor-viii-centenario-alfonso-x-el-sabio\/\">C.E. por Equipos de Divisi\u00f3n de Honor VIII Centenario Alfonso X El Sabio<\/a><\/p>\n\n\n\n<p><a href=\"https:\/\/feda.org\/feda2k16\/ceclub-ajedrez-rapido\/\" data-type=\"URL\" data-id=\"https:\/\/feda.org\/feda2k16\/ceclub-ajedrez-rapido\/\">Campeonato de Espa\u00f1a de Ajedrez R\u00e1pido por Equipos de Club<\/a><\/p>\n\n\n\n<p><a href=\"https:\/\/feda.org\/feda2k16\/ceclub-primera-division-11\/\" data-type=\"URL\" data-id=\"https:\/\/feda.org\/feda2k16\/ceclub-primera-division-11\/\">CECLUB Primera Divisi\u00f3n<\/a><\/p>\n\n\n\n<p><a href=\"https:\/\/feda.org\/feda2k16\/campeonato-de-espana-individual-absoluto-y-femenino-5\/\" data-type=\"URL\" data-id=\"https:\/\/feda.org\/feda2k16\/campeonato-de-espana-individual-absoluto-y-femenino-5\/\">Campeonato de Espa\u00f1a Individual Absoluto y Femenino<\/a><\/p>\n\n\n\n<p><a href=\"https:\/\/feda.org\/feda2k16\/campeonato-de-espana-individual-de-ajedrez-rapido\/\" data-type=\"URL\" data-id=\"https:\/\/feda.org\/feda2k16\/campeonato-de-espana-individual-de-ajedrez-rapido\/\">Campeonato de Espa\u00f1a Individual de Ajedrez R\u00e1pido<\/a><\/p>\n\n\n\n<p><a href=\"https:\/\/feda.org\/feda2k16\/campeonato-de-espana-individual-de-ajedrez-relampago\/\" data-type=\"URL\" data-id=\"https:\/\/feda.org\/feda2k16\/campeonato-de-espana-individual-de-ajedrez-relampago\/\">Campeonato de Espa\u00f1a Individual de Ajedrez Rel\u00e1mpago<\/a><\/p>\n\n\n\n<p><a href=\"https:\/\/feda.org\/feda2k16\/ceclub-segunda-division-10\/\" data-type=\"URL\" data-id=\"https:\/\/feda.org\/feda2k16\/ceclub-segunda-division-10\/\">CECLUB Segunda Divisi\u00f3n<\/a><\/p>\n\n\n\n<p><a href=\"https:\/\/feda.org\/feda2k16\/campeonato-de-espana-de-parejas-mixtas\/\">Campeonato de Espa\u00f1a de Parejas Mixtas<\/a><\/p>\n\n\n\n<p><a href=\"https:\/\/feda.org\/feda2k16\/campeonatos-de-espana-sub-8-a-sub-18-5\/\" data-type=\"URL\" data-id=\"https:\/\/feda.org\/feda2k16\/campeonatos-de-espana-sub-8-a-sub-18-5\/\">Campeonatos de Espa\u00f1a Sub 8 a Sub 18<\/a><\/p>\n\n\n\n<p><a href=\"https:\/\/feda.org\/feda2k16\/campeonato-de-espana-por-selecciones-autonomicas-sub-14-y-sub-16-2\/\" data-type=\"URL\" data-id=\"https:\/\/feda.org\/feda2k16\/campeonato-de-espana-por-selecciones-autonomicas-sub-14-y-sub-16-2\/\">Campeonato de Espa\u00f1a por Selecciones Auton\u00f3micas Sub 14 y Sub 16<\/a><\/p>\n","protected":false},"excerpt":{"rendered":"<p>Campeonato de Espa\u00f1a de Veteranos C.E. por Equipos de Divisi\u00f3n de Honor VIII Centenario Alfonso X El Sabio Campeonato de Espa\u00f1a de Ajedrez R\u00e1pido por Equipos de Club CECLUB Primera Divisi\u00f3n Campeonato de Espa\u00f1a Individual Absoluto y Femenino Campeonato de Espa\u00f1a Individual de Ajedrez R\u00e1pido Campeonato de Espa\u00f1a Individual de Ajedrez Rel\u00e1mpago CECLUB Segunda Divisi\u00f3n [&hellip;]<\/p>\n","protected":false},"author":2,"featured_media":0,"parent":0,"menu_order":0,"comment_status":"closed","ping_status":"closed","template":"","meta":{"footnotes":""},"class_list":["post-18860","page","type-page","status-publish","hentry"],"yoast_head":"<!-- This site is optimized with the Yoast SEO plugin v27.3 - https:\/\/yoast.com\/product\/yoast-seo-wordpress\/ -->\n<title>Campeonatos de Espa\u00f1a 2021 - FEDA<\/title>\n<meta name=\"robots\" content=\"index, follow, max-snippet:-1, max-image-preview:large, max-video-preview:-1\" \/>\n<link rel=\"canonical\" href=\"https:\/\/feda.org\/feda2k16\/campeonatos-de-espana-2021\/\" \/>\n<meta property=\"og:locale\" content=\"es_ES\" \/>\n<meta property=\"og:type\" content=\"article\" \/>\n<meta property=\"og:title\" content=\"Campeonatos de Espa\u00f1a 2021 - FEDA\" \/>\n<meta property=\"og:description\" content=\"Campeonato de Espa\u00f1a de Veteranos C.E. por Equipos de Divisi\u00f3n de Honor VIII Centenario Alfonso X El Sabio Campeonato de Espa\u00f1a de Ajedrez R\u00e1pido por Equipos de Club CECLUB Primera Divisi\u00f3n Campeonato de Espa\u00f1a Individual Absoluto y Femenino Campeonato de Espa\u00f1a Individual de Ajedrez R\u00e1pido Campeonato de Espa\u00f1a Individual de Ajedrez Rel\u00e1mpago CECLUB Segunda Divisi\u00f3n [&hellip;]\" \/>\n<meta property=\"og:url\" content=\"https:\/\/feda.org\/feda2k16\/campeonatos-de-espana-2021\/\" \/>\n<meta property=\"og:site_name\" content=\"FEDA\" \/>\n<meta property=\"article:publisher\" content=\"https:\/\/www.facebook.com\/federacionespanoladeajedrez\/\" \/>\n<meta property=\"article:modified_time\" content=\"2021-11-07T15:23:43+00:00\" \/>\n<meta name=\"twitter:card\" content=\"summary_large_image\" \/>\n<meta name=\"twitter:site\" content=\"@AjedrezEspanola\" \/>\n<script type=\"application\/ld+json\" class=\"yoast-schema-graph\">{\"@context\":\"https:\\\/\\\/schema.org\",\"@graph\":[{\"@type\":\"WebPage\",\"@id\":\"https:\\\/\\\/feda.org\\\/feda2k16\\\/campeonatos-de-espana-2021\\\/\",\"url\":\"https:\\\/\\\/feda.org\\\/feda2k16\\\/campeonatos-de-espana-2021\\\/\",\"name\":\"Campeonatos de Espa\u00f1a 2021 - FEDA\",\"isPartOf\":{\"@id\":\"https:\\\/\\\/feda.org\\\/feda2k16\\\/#website\"},\"datePublished\":\"2021-06-19T17:29:30+00:00\",\"dateModified\":\"2021-11-07T15:23:43+00:00\",\"breadcrumb\":{\"@id\":\"https:\\\/\\\/feda.org\\\/feda2k16\\\/campeonatos-de-espana-2021\\\/#breadcrumb\"},\"inLanguage\":\"es\",\"potentialAction\":[{\"@type\":\"ReadAction\",\"target\":[\"https:\\\/\\\/feda.org\\\/feda2k16\\\/campeonatos-de-espana-2021\\\/\"]}]},{\"@type\":\"BreadcrumbList\",\"@id\":\"https:\\\/\\\/feda.org\\\/feda2k16\\\/campeonatos-de-espana-2021\\\/#breadcrumb\",\"itemListElement\":[{\"@type\":\"ListItem\",\"position\":1,\"name\":\"Portada\",\"item\":\"https:\\\/\\\/feda.org\\\/feda2k16\\\/\"},{\"@type\":\"ListItem\",\"position\":2,\"name\":\"Campeonatos de Espa\u00f1a 2021\"}]},{\"@type\":\"WebSite\",\"@id\":\"https:\\\/\\\/feda.org\\\/feda2k16\\\/#website\",\"url\":\"https:\\\/\\\/feda.org\\\/feda2k16\\\/\",\"name\":\"FEDA\",\"description\":\"Federaci\u00f3n Espa\u00f1ola de Ajedrez\",\"publisher\":{\"@id\":\"https:\\\/\\\/feda.org\\\/feda2k16\\\/#organization\"},\"alternateName\":\"Federaci\u00f3n Espa\u00f1ola de Ajedrez\",\"potentialAction\":[{\"@type\":\"SearchAction\",\"target\":{\"@type\":\"EntryPoint\",\"urlTemplate\":\"https:\\\/\\\/feda.org\\\/feda2k16\\\/?s={search_term_string}\"},\"query-input\":{\"@type\":\"PropertyValueSpecification\",\"valueRequired\":true,\"valueName\":\"search_term_string\"}}],\"inLanguage\":\"es\"},{\"@type\":\"Organization\",\"@id\":\"https:\\\/\\\/feda.org\\\/feda2k16\\\/#organization\",\"name\":\"FEDA\",\"alternateName\":\"Federaci\u00f3n Espa\u00f1ola de Ajedrez\",\"url\":\"https:\\\/\\\/feda.org\\\/feda2k16\\\/\",\"logo\":{\"@type\":\"ImageObject\",\"inLanguage\":\"es\",\"@id\":\"https:\\\/\\\/feda.org\\\/feda2k16\\\/#\\\/schema\\\/logo\\\/image\\\/\",\"url\":\"https:\\\/\\\/feda.org\\\/feda2k16\\\/wp-content\\\/uploads\\\/NuevoLogo_FEDA_2016.png\",\"contentUrl\":\"https:\\\/\\\/feda.org\\\/feda2k16\\\/wp-content\\\/uploads\\\/NuevoLogo_FEDA_2016.png\",\"width\":600,\"height\":600,\"caption\":\"FEDA\"},\"image\":{\"@id\":\"https:\\\/\\\/feda.org\\\/feda2k16\\\/#\\\/schema\\\/logo\\\/image\\\/\"},\"sameAs\":[\"https:\\\/\\\/www.facebook.com\\\/federacionespanoladeajedrez\\\/\",\"https:\\\/\\\/x.com\\\/AjedrezEspanola\",\"https:\\\/\\\/www.instagram.com\\\/federacionespanolaajedrez\\\/?hl=es\",\"https:\\\/\\\/www.youtube.com\\\/@FederacionEspanoladeAjedrezFED\\\/featured\"]}]}<\/script>\n<!-- \/ Yoast SEO plugin. -->","yoast_head_json":{"title":"Campeonatos de Espa\u00f1a 2021 - FEDA","robots":{"index":"index","follow":"follow","max-snippet":"max-snippet:-1","max-image-preview":"max-image-preview:large","max-video-preview":"max-video-preview:-1"},"canonical":"https:\/\/feda.org\/feda2k16\/campeonatos-de-espana-2021\/","og_locale":"es_ES","og_type":"article","og_title":"Campeonatos de Espa\u00f1a 2021 - FEDA","og_description":"Campeonato de Espa\u00f1a de Veteranos C.E. por Equipos de Divisi\u00f3n de Honor VIII Centenario Alfonso X El Sabio Campeonato de Espa\u00f1a de Ajedrez R\u00e1pido por Equipos de Club CECLUB Primera Divisi\u00f3n Campeonato de Espa\u00f1a Individual Absoluto y Femenino Campeonato de Espa\u00f1a Individual de Ajedrez R\u00e1pido Campeonato de Espa\u00f1a Individual de Ajedrez Rel\u00e1mpago CECLUB Segunda Divisi\u00f3n [&hellip;]","og_url":"https:\/\/feda.org\/feda2k16\/campeonatos-de-espana-2021\/","og_site_name":"FEDA","article_publisher":"https:\/\/www.facebook.com\/federacionespanoladeajedrez\/","article_modified_time":"2021-11-07T15:23:43+00:00","twitter_card":"summary_large_image","twitter_site":"@AjedrezEspanola","schema":{"@context":"https:\/\/schema.org","@graph":[{"@type":"WebPage","@id":"https:\/\/feda.org\/feda2k16\/campeonatos-de-espana-2021\/","url":"https:\/\/feda.org\/feda2k16\/campeonatos-de-espana-2021\/","name":"Campeonatos de Espa\u00f1a 2021 - FEDA","isPartOf":{"@id":"https:\/\/feda.org\/feda2k16\/#website"},"datePublished":"2021-06-19T17:29:30+00:00","dateModified":"2021-11-07T15:23:43+00:00","breadcrumb":{"@id":"https:\/\/feda.org\/feda2k16\/campeonatos-de-espana-2021\/#breadcrumb"},"inLanguage":"es","potentialAction":[{"@type":"ReadAction","target":["https:\/\/feda.org\/feda2k16\/campeonatos-de-espana-2021\/"]}]},{"@type":"BreadcrumbList","@id":"https:\/\/feda.org\/feda2k16\/campeonatos-de-espana-2021\/#breadcrumb","itemListElement":[{"@type":"ListItem","position":1,"name":"Portada","item":"https:\/\/feda.org\/feda2k16\/"},{"@type":"ListItem","position":2,"name":"Campeonatos de Espa\u00f1a 2021"}]},{"@type":"WebSite","@id":"https:\/\/feda.org\/feda2k16\/#website","url":"https:\/\/feda.org\/feda2k16\/","name":"FEDA","description":"Federaci\u00f3n Espa\u00f1ola de Ajedrez","publisher":{"@id":"https:\/\/feda.org\/feda2k16\/#organization"},"alternateName":"Federaci\u00f3n Espa\u00f1ola de Ajedrez","potentialAction":[{"@type":"SearchAction","target":{"@type":"EntryPoint","urlTemplate":"https:\/\/feda.org\/feda2k16\/?s={search_term_string}"},"query-input":{"@type":"PropertyValueSpecification","valueRequired":true,"valueName":"search_term_string"}}],"inLanguage":"es"},{"@type":"Organization","@id":"https:\/\/feda.org\/feda2k16\/#organization","name":"FEDA","alternateName":"Federaci\u00f3n Espa\u00f1ola de Ajedrez","url":"https:\/\/feda.org\/feda2k16\/","logo":{"@type":"ImageObject","inLanguage":"es","@id":"https:\/\/feda.org\/feda2k16\/#\/schema\/logo\/image\/","url":"https:\/\/feda.org\/feda2k16\/wp-content\/uploads\/NuevoLogo_FEDA_2016.png","contentUrl":"https:\/\/feda.org\/feda2k16\/wp-content\/uploads\/NuevoLogo_FEDA_2016.png","width":600,"height":600,"caption":"FEDA"},"image":{"@id":"https:\/\/feda.org\/feda2k16\/#\/schema\/logo\/image\/"},"sameAs":["https:\/\/www.facebook.com\/federacionespanoladeajedrez\/","https:\/\/x.com\/AjedrezEspanola","https:\/\/www.instagram.com\/federacionespanolaajedrez\/?hl=es","https:\/\/www.youtube.com\/@FederacionEspanoladeAjedrezFED\/featured"]}]}},"_links":{"self":[{"href":"https:\/\/feda.org\/feda2k16\/wp-json\/wp\/v2\/pages\/18860","targetHints":{"allow":["GET"]}}],"collection":[{"href":"https:\/\/feda.org\/feda2k16\/wp-json\/wp\/v2\/pages"}],"about":[{"href":"https:\/\/feda.org\/feda2k16\/wp-json\/wp\/v2\/types\/page"}],"author":[{"embeddable":true,"href":"https:\/\/feda.org\/feda2k16\/wp-json\/wp\/v2\/users\/2"}],"replies":[{"embeddable":true,"href":"https:\/\/feda.org\/feda2k16\/wp-json\/wp\/v2\/comments?post=18860"}],"version-history":[{"count":12,"href":"https:\/\/feda.org\/feda2k16\/wp-json\/wp\/v2\/pages\/18860\/revisions"}],"predecessor-version":[{"id":19587,"href":"https:\/\/feda.org\/feda2k16\/wp-json\/wp\/v2\/pages\/18860\/revisions\/19587"}],"wp:attachment":[{"href":"https:\/\/feda.org\/feda2k16\/wp-json\/wp\/v2\/media?parent=18860"}],"curies":[{"name":"wp","href":"https:\/\/api.w.org\/{rel}","templated":true}]}}