{"id":22092,"date":"2023-05-08T17:20:46","date_gmt":"2023-05-08T17:20:46","guid":{"rendered":"https:\/\/feda.org\/feda2k16\/?page_id=22092"},"modified":"2024-04-10T12:13:47","modified_gmt":"2024-04-10T12:13:47","slug":"federacion","status":"publish","type":"page","link":"https:\/\/feda.org\/feda2k16\/federacion\/","title":{"rendered":"Federaci\u00f3n"},"content":{"rendered":"<h2>INFORMACI\u00d3N DE LA FEDERACI\u00d3N ESPA\u00d1OLA DE AJEDREZ (FEDA)<\/h2>\n<ul>\n<li>\n<h3>Informaci\u00f3n sobre la Federaci\u00f3n<\/h3>\n<div>\n<ol>\n<li style=\"list-style-type: none;\">\n<ul>\n<li><span><b>Contacto y horarios<\/b><\/span><\/li>\n<\/ul>\n<\/li>\n<\/ol>\n<p><span>El horario de atenci\u00f3n al p\u00fablico de la FEDA es el siguiente:<\/span><\/p>\n<p><span>Laborables, de lunes a jueves, de 11 a 14 h y de 16 a 18 h. viernes de 11 a 14 h<\/span><\/p>\n<p><span>Tel\u00e9fono 91 3552159<\/span><\/p>\n<ol>\n<li style=\"list-style-type: none;\">\n<ul>\n<li><b><\/b><a href=\"https:\/\/feda.org\/feda2k16\/localizacion\/\"><span><b>Localizaci\u00f3n de la FEDA<\/b><\/span><\/a><\/li>\n<\/ul>\n<\/li>\n<\/ol>\n<ol>\n<li style=\"list-style-type: none;\">\n<ul>\n<li><b><\/b><a href=\"https:\/\/feda.org\/feda2k16\/transparencia\/\"><span><b>Aplicaci\u00f3n Ley 19\/, de 20 de diciembre, de Transparencia, Acceso a la informaci\u00f3n y Buen Gobierno<\/b><\/span><\/a><\/li>\n<\/ul>\n<\/li>\n<\/ol>\n<ol>\n<li style=\"list-style-type: none;\">\n<ul>\n<li><b><\/b><span><b>\u00d3rganos T\u00e9cnicos<\/b><\/span><\/li>\n<\/ul>\n<\/li>\n<\/ol>\n<ul>\n<li style=\"list-style-type: none;\">\n<ul>\n<li style=\"list-style-type: none;\">\n<ul>\n<li><a href=\"https:\/\/feda.org\/feda2k16\/comunicados-cta-informacion-de-interes\/\"><span>Comit\u00e9 T\u00e9cnico de \u00c1rbitros CTA<\/span><\/a><\/li>\n<li><a href=\"https:\/\/feda.org\/feda2k16\/formacion\/\"><span>Comit\u00e9 T\u00e9cnico de Entrenadores y Monitores CTEYM<\/span><\/a><\/li>\n<li><a href=\"https:\/\/feda.org\/feda2k16\/comision-mujer-y-ajedrez-feda\/\"><span>Comisi\u00f3n de Mujer y Ajedrez CMA<\/span><\/a><\/li>\n<li><a href=\"https:\/\/feda.org\/feda2k16\/wp-content\/uploads\/Comision-Ajedrez-Personas-con-Discapacidad-FEDA.pdf\"><span>Comisi\u00f3n de ajedrez de personas con discapacidad CAPD<\/span><\/a><span><\/span><\/li>\n<li><a href=\"https:\/\/feda.org\/feda2k16\/direccion-tecnica\/\">Direcci\u00f3n T\u00e9cnica<\/a><\/li>\n<\/ul>\n<\/li>\n<\/ul>\n<\/li>\n<\/ul>\n<ol>\n<li style=\"list-style-type: none;\">\n<ol>\n<li style=\"list-style-type: none;\">\n<ul><\/ul>\n<\/li>\n<\/ol>\n<\/li>\n<\/ol>\n<ol>\n<li style=\"list-style-type: none;\">\n<ul>\n<li><b><\/b><a href=\"https:\/\/feda.org\/feda2k16\/estatutos-y-normativa-complementaria\/\"><span><b>Reglamentaci\u00f3n<\/b><\/span><\/a><\/li>\n<\/ul>\n<\/li>\n<\/ol>\n<ol>\n<li style=\"list-style-type: none;\">\n<ul>\n<li><b><\/b><span><b>Relaciones con los aficionados y p\u00fablico en general<\/b><\/span><\/li>\n<\/ul>\n<\/li>\n<\/ol>\n<ol>\n<li style=\"list-style-type: none;\">\n<ul>\n<li><b><\/b><span><b>Informaci\u00f3n y atenci\u00f3n a los federados<\/b><\/span><\/li>\n<\/ul>\n<\/li>\n<\/ol>\n<\/div>\n<\/li>\n<li>\n<h3>Indicadores complementarios de transparencia econ\u00f3mico-financiera<\/h3>\n<div>\n<ol>\n<li style=\"list-style-type: none;\">\n<ol>\n<li style=\"list-style-type: none;\">\n<ol>\n<li><b><\/b><a href=\"https:\/\/feda.org\/feda2k16\/situacion-patrimonial-de-la-feda\/\"><span><b>Situaci\u00f3n Patrimonial de la FEDA<\/b><\/span><\/a><\/li>\n<li><b><\/b><a href=\"https:\/\/feda.org\/feda2k16\/presentacion-en-el-csd-de-las-cuentas-anuales\/\"><span><b>Registro Cuentas Anuales<\/b><\/span><\/a><\/li>\n<li><b><\/b><span><b>Informaci\u00f3n sobre ingresos y gastos<\/b><\/span>\n<ol>\n<li><a href=\"https:\/\/feda.org\/feda2k16\/informacion-sobre-ingresos\/\">Ingresos<\/a><\/li>\n<li><a href=\"https:\/\/feda.org\/feda2k16\/informacion-sobre-gastos\/\">Gastos<\/a><\/li>\n<\/ol>\n<\/li>\n<li><b><\/b><a href=\"https:\/\/feda.org\/feda2k16\/ratios-y-endeudamiento\/\"><span><b>Ratios y endeudamiento<\/b><\/span><\/a><span><\/span><\/li>\n<\/ol>\n<\/li>\n<\/ol>\n<\/li>\n<\/ol>\n<\/div>\n<\/li>\n<li>\n<h3>Informaci\u00f3n disciplinaria y jur\u00eddica<\/h3>\n<div>\n<ol>\n<li><a href=\"https:\/\/feda.org\/feda2k16\/resoluciones-comite-de-disciplina-feda\/\"><b>Resoluciones Comit\u00e9 Jurisdiccional de Competici\u00f3n y Disciplina Deportiva FEDA<\/b><\/a><\/li>\n<li><a href=\"https:\/\/feda.org\/feda2k16\/resoluciones-consejo-superior-de-deportes\/\"><b>Resoluciones Consejo Superior de Deportes y Otros Organismos<\/b><\/a><\/li>\n<li><a href=\"https:\/\/feda.org\/feda2k16\/resoluciones-tribunal-administrativo-del-deporte-tad\/\"><b>Resoluciones Tribunal Administrativo del Deporte TAD<\/b><\/a><\/li>\n<li><a href=\"https:\/\/feda.org\/feda2k16\/resoluciones-judiciales\/\"><b>Resoluciones Judiciales<\/b><\/a><\/li>\n<\/ol>\n<\/div>\n<\/li>\n<li>\n<h3>Procesos electorales<\/h3>\n<div>\n<p><a href=\"https:\/\/feda.org\/feda2k16\/procesos-electorales\/\">Proceso Electoral 2024<\/a><\/p>\n<\/div>\n<\/li>\n<\/ul>\n<p><!--more--><\/p>\n","protected":false},"excerpt":{"rendered":"<p>INFORMACI\u00d3N DE LA FEDERACI\u00d3N ESPA\u00d1OLA DE AJEDREZ (FEDA) Informaci\u00f3n sobre la Federaci\u00f3n Contacto y horarios El horario de atenci\u00f3n al p\u00fablico de la FEDA es el siguiente: Laborables, de lunes a jueves, de 11 a 14 h y de 16 a 18 h. viernes de 11 a 14 h Tel\u00e9fono 91 3552159 Localizaci\u00f3n de la [&hellip;]<\/p>\n","protected":false},"author":1,"featured_media":0,"parent":0,"menu_order":0,"comment_status":"closed","ping_status":"closed","template":"","meta":{"footnotes":""},"class_list":["post-22092","page","type-page","status-publish","hentry"],"yoast_head":"<!-- This site is optimized with the Yoast SEO plugin v27.5 - https:\/\/yoast.com\/product\/yoast-seo-wordpress\/ -->\n<title>Federaci\u00f3n - FEDA<\/title>\n<meta name=\"robots\" content=\"index, follow, max-snippet:-1, max-image-preview:large, max-video-preview:-1\" \/>\n<link rel=\"canonical\" href=\"https:\/\/feda.org\/feda2k16\/federacion\/\" \/>\n<meta property=\"og:locale\" content=\"es_ES\" \/>\n<meta property=\"og:type\" content=\"article\" \/>\n<meta property=\"og:title\" content=\"Federaci\u00f3n - FEDA\" \/>\n<meta property=\"og:description\" content=\"INFORMACI\u00d3N DE LA FEDERACI\u00d3N ESPA\u00d1OLA DE AJEDREZ (FEDA) Informaci\u00f3n sobre la Federaci\u00f3n Contacto y horarios El horario de atenci\u00f3n al p\u00fablico de la FEDA es el siguiente: Laborables, de lunes a jueves, de 11 a 14 h y de 16 a 18 h. viernes de 11 a 14 h Tel\u00e9fono 91 3552159 Localizaci\u00f3n de la [&hellip;]\" \/>\n<meta property=\"og:url\" content=\"https:\/\/feda.org\/feda2k16\/federacion\/\" \/>\n<meta property=\"og:site_name\" content=\"FEDA\" \/>\n<meta property=\"article:publisher\" content=\"https:\/\/www.facebook.com\/federacionespanoladeajedrez\/\" \/>\n<meta property=\"article:modified_time\" content=\"2024-04-10T12:13:47+00:00\" \/>\n<meta name=\"twitter:card\" content=\"summary_large_image\" \/>\n<meta name=\"twitter:site\" content=\"@AjedrezEspanola\" \/>\n<meta name=\"twitter:label1\" content=\"Tiempo de lectura\" \/>\n\t<meta name=\"twitter:data1\" content=\"1 minuto\" \/>\n<script type=\"application\/ld+json\" class=\"yoast-schema-graph\">{\"@context\":\"https:\\\/\\\/schema.org\",\"@graph\":[{\"@type\":\"WebPage\",\"@id\":\"https:\\\/\\\/feda.org\\\/feda2k16\\\/federacion\\\/\",\"url\":\"https:\\\/\\\/feda.org\\\/feda2k16\\\/federacion\\\/\",\"name\":\"Federaci\u00f3n - FEDA\",\"isPartOf\":{\"@id\":\"https:\\\/\\\/feda.org\\\/feda2k16\\\/#website\"},\"datePublished\":\"2023-05-08T17:20:46+00:00\",\"dateModified\":\"2024-04-10T12:13:47+00:00\",\"breadcrumb\":{\"@id\":\"https:\\\/\\\/feda.org\\\/feda2k16\\\/federacion\\\/#breadcrumb\"},\"inLanguage\":\"es\",\"potentialAction\":[{\"@type\":\"ReadAction\",\"target\":[\"https:\\\/\\\/feda.org\\\/feda2k16\\\/federacion\\\/\"]}]},{\"@type\":\"BreadcrumbList\",\"@id\":\"https:\\\/\\\/feda.org\\\/feda2k16\\\/federacion\\\/#breadcrumb\",\"itemListElement\":[{\"@type\":\"ListItem\",\"position\":1,\"name\":\"Portada\",\"item\":\"https:\\\/\\\/feda.org\\\/feda2k16\\\/\"},{\"@type\":\"ListItem\",\"position\":2,\"name\":\"Federaci\u00f3n\"}]},{\"@type\":\"WebSite\",\"@id\":\"https:\\\/\\\/feda.org\\\/feda2k16\\\/#website\",\"url\":\"https:\\\/\\\/feda.org\\\/feda2k16\\\/\",\"name\":\"FEDA\",\"description\":\"Federaci\u00f3n Espa\u00f1ola de Ajedrez\",\"publisher\":{\"@id\":\"https:\\\/\\\/feda.org\\\/feda2k16\\\/#organization\"},\"alternateName\":\"Federaci\u00f3n Espa\u00f1ola de Ajedrez\",\"potentialAction\":[{\"@type\":\"SearchAction\",\"target\":{\"@type\":\"EntryPoint\",\"urlTemplate\":\"https:\\\/\\\/feda.org\\\/feda2k16\\\/?s={search_term_string}\"},\"query-input\":{\"@type\":\"PropertyValueSpecification\",\"valueRequired\":true,\"valueName\":\"search_term_string\"}}],\"inLanguage\":\"es\"},{\"@type\":\"Organization\",\"@id\":\"https:\\\/\\\/feda.org\\\/feda2k16\\\/#organization\",\"name\":\"FEDA\",\"alternateName\":\"Federaci\u00f3n Espa\u00f1ola de Ajedrez\",\"url\":\"https:\\\/\\\/feda.org\\\/feda2k16\\\/\",\"logo\":{\"@type\":\"ImageObject\",\"inLanguage\":\"es\",\"@id\":\"https:\\\/\\\/feda.org\\\/feda2k16\\\/#\\\/schema\\\/logo\\\/image\\\/\",\"url\":\"https:\\\/\\\/feda.org\\\/feda2k16\\\/wp-content\\\/uploads\\\/NuevoLogo_FEDA_2016.png\",\"contentUrl\":\"https:\\\/\\\/feda.org\\\/feda2k16\\\/wp-content\\\/uploads\\\/NuevoLogo_FEDA_2016.png\",\"width\":600,\"height\":600,\"caption\":\"FEDA\"},\"image\":{\"@id\":\"https:\\\/\\\/feda.org\\\/feda2k16\\\/#\\\/schema\\\/logo\\\/image\\\/\"},\"sameAs\":[\"https:\\\/\\\/www.facebook.com\\\/federacionespanoladeajedrez\\\/\",\"https:\\\/\\\/x.com\\\/AjedrezEspanola\",\"https:\\\/\\\/www.instagram.com\\\/federacionespanolaajedrez\\\/?hl=es\",\"https:\\\/\\\/www.youtube.com\\\/@FederacionEspanoladeAjedrezFED\\\/featured\"]}]}<\/script>\n<!-- \/ Yoast SEO plugin. -->","yoast_head_json":{"title":"Federaci\u00f3n - FEDA","robots":{"index":"index","follow":"follow","max-snippet":"max-snippet:-1","max-image-preview":"max-image-preview:large","max-video-preview":"max-video-preview:-1"},"canonical":"https:\/\/feda.org\/feda2k16\/federacion\/","og_locale":"es_ES","og_type":"article","og_title":"Federaci\u00f3n - FEDA","og_description":"INFORMACI\u00d3N DE LA FEDERACI\u00d3N ESPA\u00d1OLA DE AJEDREZ (FEDA) Informaci\u00f3n sobre la Federaci\u00f3n Contacto y horarios El horario de atenci\u00f3n al p\u00fablico de la FEDA es el siguiente: Laborables, de lunes a jueves, de 11 a 14 h y de 16 a 18 h. viernes de 11 a 14 h Tel\u00e9fono 91 3552159 Localizaci\u00f3n de la [&hellip;]","og_url":"https:\/\/feda.org\/feda2k16\/federacion\/","og_site_name":"FEDA","article_publisher":"https:\/\/www.facebook.com\/federacionespanoladeajedrez\/","article_modified_time":"2024-04-10T12:13:47+00:00","twitter_card":"summary_large_image","twitter_site":"@AjedrezEspanola","twitter_misc":{"Tiempo de lectura":"1 minuto"},"schema":{"@context":"https:\/\/schema.org","@graph":[{"@type":"WebPage","@id":"https:\/\/feda.org\/feda2k16\/federacion\/","url":"https:\/\/feda.org\/feda2k16\/federacion\/","name":"Federaci\u00f3n - FEDA","isPartOf":{"@id":"https:\/\/feda.org\/feda2k16\/#website"},"datePublished":"2023-05-08T17:20:46+00:00","dateModified":"2024-04-10T12:13:47+00:00","breadcrumb":{"@id":"https:\/\/feda.org\/feda2k16\/federacion\/#breadcrumb"},"inLanguage":"es","potentialAction":[{"@type":"ReadAction","target":["https:\/\/feda.org\/feda2k16\/federacion\/"]}]},{"@type":"BreadcrumbList","@id":"https:\/\/feda.org\/feda2k16\/federacion\/#breadcrumb","itemListElement":[{"@type":"ListItem","position":1,"name":"Portada","item":"https:\/\/feda.org\/feda2k16\/"},{"@type":"ListItem","position":2,"name":"Federaci\u00f3n"}]},{"@type":"WebSite","@id":"https:\/\/feda.org\/feda2k16\/#website","url":"https:\/\/feda.org\/feda2k16\/","name":"FEDA","description":"Federaci\u00f3n Espa\u00f1ola de Ajedrez","publisher":{"@id":"https:\/\/feda.org\/feda2k16\/#organization"},"alternateName":"Federaci\u00f3n Espa\u00f1ola de Ajedrez","potentialAction":[{"@type":"SearchAction","target":{"@type":"EntryPoint","urlTemplate":"https:\/\/feda.org\/feda2k16\/?s={search_term_string}"},"query-input":{"@type":"PropertyValueSpecification","valueRequired":true,"valueName":"search_term_string"}}],"inLanguage":"es"},{"@type":"Organization","@id":"https:\/\/feda.org\/feda2k16\/#organization","name":"FEDA","alternateName":"Federaci\u00f3n Espa\u00f1ola de Ajedrez","url":"https:\/\/feda.org\/feda2k16\/","logo":{"@type":"ImageObject","inLanguage":"es","@id":"https:\/\/feda.org\/feda2k16\/#\/schema\/logo\/image\/","url":"https:\/\/feda.org\/feda2k16\/wp-content\/uploads\/NuevoLogo_FEDA_2016.png","contentUrl":"https:\/\/feda.org\/feda2k16\/wp-content\/uploads\/NuevoLogo_FEDA_2016.png","width":600,"height":600,"caption":"FEDA"},"image":{"@id":"https:\/\/feda.org\/feda2k16\/#\/schema\/logo\/image\/"},"sameAs":["https:\/\/www.facebook.com\/federacionespanoladeajedrez\/","https:\/\/x.com\/AjedrezEspanola","https:\/\/www.instagram.com\/federacionespanolaajedrez\/?hl=es","https:\/\/www.youtube.com\/@FederacionEspanoladeAjedrezFED\/featured"]}]}},"_links":{"self":[{"href":"https:\/\/feda.org\/feda2k16\/wp-json\/wp\/v2\/pages\/22092","targetHints":{"allow":["GET"]}}],"collection":[{"href":"https:\/\/feda.org\/feda2k16\/wp-json\/wp\/v2\/pages"}],"about":[{"href":"https:\/\/feda.org\/feda2k16\/wp-json\/wp\/v2\/types\/page"}],"author":[{"embeddable":true,"href":"https:\/\/feda.org\/feda2k16\/wp-json\/wp\/v2\/users\/1"}],"replies":[{"embeddable":true,"href":"https:\/\/feda.org\/feda2k16\/wp-json\/wp\/v2\/comments?post=22092"}],"version-history":[{"count":20,"href":"https:\/\/feda.org\/feda2k16\/wp-json\/wp\/v2\/pages\/22092\/revisions"}],"predecessor-version":[{"id":27828,"href":"https:\/\/feda.org\/feda2k16\/wp-json\/wp\/v2\/pages\/22092\/revisions\/27828"}],"wp:attachment":[{"href":"https:\/\/feda.org\/feda2k16\/wp-json\/wp\/v2\/media?parent=22092"}],"curies":[{"name":"wp","href":"https:\/\/api.w.org\/{rel}","templated":true}]}}