{"id":27645,"date":"2026-01-14T09:48:58","date_gmt":"2026-01-14T09:48:58","guid":{"rendered":"https:\/\/feda.org\/feda2k16\/?page_id=27645"},"modified":"2026-04-15T16:07:32","modified_gmt":"2026-04-15T16:07:32","slug":"circulares-2026","status":"publish","type":"page","link":"https:\/\/feda.org\/feda2k16\/circulares-2026\/","title":{"rendered":"Circulares 2026"},"content":{"rendered":"\n\n\n\n\n\n\n<p><a href=\"https:\/\/feda.org\/feda2k16\/wp-content\/uploads\/C10-2026_Seleccion-Espanola.pdf\">C10\/2026. Selecci\u00f3n Espa\u00f1ola 2026.<\/a><\/p>\n<p><a href=\"https:\/\/feda.org\/feda2k16\/wp-content\/uploads\/C09-2026_Clasificacion_Torneos_Abiertos_2025.pdf\">C09\/2026. Clasificaci\u00f3n de Torneos Abiertos Jugados en Espa\u00f1a en 2025.<\/a><\/p>\n<p><a href=\"https:\/\/feda.org\/feda2k16\/wp-content\/uploads\/C08-Ayudas-a-Arbitros_2026.pdf\">C08\/2026. Ayudas a \u00c1rbitros 2026.<\/a><\/p>\n<p><a href=\"https:\/\/feda.org\/feda2k16\/wp-content\/uploads\/C07-Ayudas-a-Clubs_2026.pdf\">C07\/2026. Ayudas a Clubes 2026.\u00a0<\/a><\/p>\n<p><a href=\"https:\/\/feda.org\/feda2k16\/wp-content\/uploads\/C07-Anexo_I_Certificado_Ayudas_Clubs_2026.docx\">C07- Anexo I. Certificado Ayudas Clubs 2026.<\/a><\/p>\n<p><a href=\"https:\/\/feda.org\/feda2k16\/wp-content\/uploads\/C06-Anexo_1_Ficha-Mundial-SERBIA-2026-1.xlsx\">C06\/2026. Participaci\u00f3n en el Mundial R\u00e1pido y Rel\u00e1mpago Sub-8 a Sub-18. Serbia. 2026<\/a><\/p>\n<p><a href=\"https:\/\/feda.org\/feda2k16\/wp-content\/uploads\/C06-Anexo_1_Ficha-Mundial-SERBIA-2026.xlsx\">C06-Anexo1. Ficha Mundial SERBIA 2026.<\/a><\/p>\n<p><a href=\"https:\/\/feda.org\/feda2k16\/wp-content\/uploads\/C05-Ayudas-a-Entrenadores-y-Monitores_2026.pdf\">C05\/2026. Ayudas a T\u00e9cnicos 2026.<\/a><\/p>\n<p><a href=\"https:\/\/feda.org\/feda2k16\/wp-content\/uploads\/C04-CECLUB-2026.pdf\">C04\/2026. Composici\u00f3n de las Categor\u00edas CECLUB 2026.<\/a><\/p>\n<p><a href=\"https:\/\/feda.org\/feda2k16\/wp-content\/uploads\/C03-Convocatoria_CE_Escolar_Equipos_2026-1.pdf\">C03\/2026. Convocatoria del Campeonato de Espa\u00f1a Escolar por Equipos 2026.<\/a><\/p>\n<p><a href=\"https:\/\/feda.org\/feda2k16\/wp-content\/uploads\/C03.Anexo1_FICHA_INSCRIPC_Individual_Particip_Escolar_2026.xlsx\">C03. Anexo 1. Ficha Inscripcion Individual Participaci\u00f3n Escolar 2026.<\/a><\/p>\n<p><a href=\"https:\/\/feda.org\/feda2k16\/wp-content\/uploads\/C03.Anexo2_FICHA_DELEGADO_Escolar_2026.xlsx\">C03. Anexo 2. Ficha Delegado Escolar 2026.<\/a><\/p>\n<p><a href=\"https:\/\/feda.org\/feda2k16\/wp-content\/uploads\/C02-Calendario_FEDA_2026.pdf\">C02 Calendario FEDA 2026.<\/a><\/p>\n<p><a href=\"https:\/\/feda.org\/feda2k16\/wp-content\/uploads\/C01-Informes_de_Torneos_y_Evaluacion_Elo_2026.pdf\">C01 Informes de Torneos y Evaluaci\u00f3n Elo 2026.<\/a><\/p>\n","protected":false},"excerpt":{"rendered":"<p>C10\/2026. Selecci\u00f3n Espa\u00f1ola 2026. C09\/2026. Clasificaci\u00f3n de Torneos Abiertos Jugados en Espa\u00f1a en 2025. C08\/2026. Ayudas a \u00c1rbitros 2026. C07\/2026. Ayudas a Clubes 2026.\u00a0 C07- Anexo I. Certificado Ayudas Clubs 2026. C06\/2026. Participaci\u00f3n en el Mundial R\u00e1pido y Rel\u00e1mpago Sub-8 a Sub-18. Serbia. 2026 C06-Anexo1. Ficha Mundial SERBIA 2026. C05\/2026. Ayudas a T\u00e9cnicos 2026. C04\/2026. [&hellip;]<\/p>\n","protected":false},"author":5,"featured_media":0,"parent":0,"menu_order":0,"comment_status":"closed","ping_status":"closed","template":"","meta":{"footnotes":""},"class_list":["post-27645","page","type-page","status-publish","hentry"],"yoast_head":"<!-- This site is optimized with the Yoast SEO plugin v27.5 - https:\/\/yoast.com\/product\/yoast-seo-wordpress\/ -->\n<title>Circulares 2026 - FEDA<\/title>\n<meta name=\"robots\" content=\"index, follow, max-snippet:-1, max-image-preview:large, max-video-preview:-1\" \/>\n<link rel=\"canonical\" href=\"https:\/\/feda.org\/feda2k16\/circulares-2026\/\" \/>\n<meta property=\"og:locale\" content=\"es_ES\" \/>\n<meta property=\"og:type\" content=\"article\" \/>\n<meta property=\"og:title\" content=\"Circulares 2026 - FEDA\" \/>\n<meta property=\"og:description\" content=\"C10\/2026. Selecci\u00f3n Espa\u00f1ola 2026. C09\/2026. Clasificaci\u00f3n de Torneos Abiertos Jugados en Espa\u00f1a en 2025. C08\/2026. Ayudas a \u00c1rbitros 2026. C07\/2026. Ayudas a Clubes 2026.\u00a0 C07- Anexo I. Certificado Ayudas Clubs 2026. C06\/2026. Participaci\u00f3n en el Mundial R\u00e1pido y Rel\u00e1mpago Sub-8 a Sub-18. Serbia. 2026 C06-Anexo1. Ficha Mundial SERBIA 2026. C05\/2026. Ayudas a T\u00e9cnicos 2026. C04\/2026. [&hellip;]\" \/>\n<meta property=\"og:url\" content=\"https:\/\/feda.org\/feda2k16\/circulares-2026\/\" \/>\n<meta property=\"og:site_name\" content=\"FEDA\" \/>\n<meta property=\"article:publisher\" content=\"https:\/\/www.facebook.com\/federacionespanoladeajedrez\/\" \/>\n<meta property=\"article:modified_time\" content=\"2026-04-15T16:07:32+00:00\" \/>\n<meta name=\"twitter:card\" content=\"summary_large_image\" \/>\n<meta name=\"twitter:site\" content=\"@AjedrezEspanola\" \/>\n<meta name=\"twitter:label1\" content=\"Tiempo de lectura\" \/>\n\t<meta name=\"twitter:data1\" content=\"1 minuto\" \/>\n<script type=\"application\/ld+json\" class=\"yoast-schema-graph\">{\"@context\":\"https:\\\/\\\/schema.org\",\"@graph\":[{\"@type\":\"WebPage\",\"@id\":\"https:\\\/\\\/feda.org\\\/feda2k16\\\/circulares-2026\\\/\",\"url\":\"https:\\\/\\\/feda.org\\\/feda2k16\\\/circulares-2026\\\/\",\"name\":\"Circulares 2026 - FEDA\",\"isPartOf\":{\"@id\":\"https:\\\/\\\/feda.org\\\/feda2k16\\\/#website\"},\"datePublished\":\"2026-01-14T09:48:58+00:00\",\"dateModified\":\"2026-04-15T16:07:32+00:00\",\"breadcrumb\":{\"@id\":\"https:\\\/\\\/feda.org\\\/feda2k16\\\/circulares-2026\\\/#breadcrumb\"},\"inLanguage\":\"es\",\"potentialAction\":[{\"@type\":\"ReadAction\",\"target\":[\"https:\\\/\\\/feda.org\\\/feda2k16\\\/circulares-2026\\\/\"]}]},{\"@type\":\"BreadcrumbList\",\"@id\":\"https:\\\/\\\/feda.org\\\/feda2k16\\\/circulares-2026\\\/#breadcrumb\",\"itemListElement\":[{\"@type\":\"ListItem\",\"position\":1,\"name\":\"Portada\",\"item\":\"https:\\\/\\\/feda.org\\\/feda2k16\\\/\"},{\"@type\":\"ListItem\",\"position\":2,\"name\":\"Circulares 2026\"}]},{\"@type\":\"WebSite\",\"@id\":\"https:\\\/\\\/feda.org\\\/feda2k16\\\/#website\",\"url\":\"https:\\\/\\\/feda.org\\\/feda2k16\\\/\",\"name\":\"FEDA\",\"description\":\"Federaci\u00f3n Espa\u00f1ola de Ajedrez\",\"publisher\":{\"@id\":\"https:\\\/\\\/feda.org\\\/feda2k16\\\/#organization\"},\"alternateName\":\"Federaci\u00f3n Espa\u00f1ola de Ajedrez\",\"potentialAction\":[{\"@type\":\"SearchAction\",\"target\":{\"@type\":\"EntryPoint\",\"urlTemplate\":\"https:\\\/\\\/feda.org\\\/feda2k16\\\/?s={search_term_string}\"},\"query-input\":{\"@type\":\"PropertyValueSpecification\",\"valueRequired\":true,\"valueName\":\"search_term_string\"}}],\"inLanguage\":\"es\"},{\"@type\":\"Organization\",\"@id\":\"https:\\\/\\\/feda.org\\\/feda2k16\\\/#organization\",\"name\":\"FEDA\",\"alternateName\":\"Federaci\u00f3n Espa\u00f1ola de Ajedrez\",\"url\":\"https:\\\/\\\/feda.org\\\/feda2k16\\\/\",\"logo\":{\"@type\":\"ImageObject\",\"inLanguage\":\"es\",\"@id\":\"https:\\\/\\\/feda.org\\\/feda2k16\\\/#\\\/schema\\\/logo\\\/image\\\/\",\"url\":\"https:\\\/\\\/feda.org\\\/feda2k16\\\/wp-content\\\/uploads\\\/NuevoLogo_FEDA_2016.png\",\"contentUrl\":\"https:\\\/\\\/feda.org\\\/feda2k16\\\/wp-content\\\/uploads\\\/NuevoLogo_FEDA_2016.png\",\"width\":600,\"height\":600,\"caption\":\"FEDA\"},\"image\":{\"@id\":\"https:\\\/\\\/feda.org\\\/feda2k16\\\/#\\\/schema\\\/logo\\\/image\\\/\"},\"sameAs\":[\"https:\\\/\\\/www.facebook.com\\\/federacionespanoladeajedrez\\\/\",\"https:\\\/\\\/x.com\\\/AjedrezEspanola\",\"https:\\\/\\\/www.instagram.com\\\/federacionespanolaajedrez\\\/?hl=es\",\"https:\\\/\\\/www.youtube.com\\\/@FederacionEspanoladeAjedrezFED\\\/featured\"]}]}<\/script>\n<!-- \/ Yoast SEO plugin. -->","yoast_head_json":{"title":"Circulares 2026 - FEDA","robots":{"index":"index","follow":"follow","max-snippet":"max-snippet:-1","max-image-preview":"max-image-preview:large","max-video-preview":"max-video-preview:-1"},"canonical":"https:\/\/feda.org\/feda2k16\/circulares-2026\/","og_locale":"es_ES","og_type":"article","og_title":"Circulares 2026 - FEDA","og_description":"C10\/2026. Selecci\u00f3n Espa\u00f1ola 2026. C09\/2026. Clasificaci\u00f3n de Torneos Abiertos Jugados en Espa\u00f1a en 2025. C08\/2026. Ayudas a \u00c1rbitros 2026. C07\/2026. Ayudas a Clubes 2026.\u00a0 C07- Anexo I. Certificado Ayudas Clubs 2026. C06\/2026. Participaci\u00f3n en el Mundial R\u00e1pido y Rel\u00e1mpago Sub-8 a Sub-18. Serbia. 2026 C06-Anexo1. Ficha Mundial SERBIA 2026. C05\/2026. Ayudas a T\u00e9cnicos 2026. C04\/2026. [&hellip;]","og_url":"https:\/\/feda.org\/feda2k16\/circulares-2026\/","og_site_name":"FEDA","article_publisher":"https:\/\/www.facebook.com\/federacionespanoladeajedrez\/","article_modified_time":"2026-04-15T16:07:32+00:00","twitter_card":"summary_large_image","twitter_site":"@AjedrezEspanola","twitter_misc":{"Tiempo de lectura":"1 minuto"},"schema":{"@context":"https:\/\/schema.org","@graph":[{"@type":"WebPage","@id":"https:\/\/feda.org\/feda2k16\/circulares-2026\/","url":"https:\/\/feda.org\/feda2k16\/circulares-2026\/","name":"Circulares 2026 - FEDA","isPartOf":{"@id":"https:\/\/feda.org\/feda2k16\/#website"},"datePublished":"2026-01-14T09:48:58+00:00","dateModified":"2026-04-15T16:07:32+00:00","breadcrumb":{"@id":"https:\/\/feda.org\/feda2k16\/circulares-2026\/#breadcrumb"},"inLanguage":"es","potentialAction":[{"@type":"ReadAction","target":["https:\/\/feda.org\/feda2k16\/circulares-2026\/"]}]},{"@type":"BreadcrumbList","@id":"https:\/\/feda.org\/feda2k16\/circulares-2026\/#breadcrumb","itemListElement":[{"@type":"ListItem","position":1,"name":"Portada","item":"https:\/\/feda.org\/feda2k16\/"},{"@type":"ListItem","position":2,"name":"Circulares 2026"}]},{"@type":"WebSite","@id":"https:\/\/feda.org\/feda2k16\/#website","url":"https:\/\/feda.org\/feda2k16\/","name":"FEDA","description":"Federaci\u00f3n Espa\u00f1ola de Ajedrez","publisher":{"@id":"https:\/\/feda.org\/feda2k16\/#organization"},"alternateName":"Federaci\u00f3n Espa\u00f1ola de Ajedrez","potentialAction":[{"@type":"SearchAction","target":{"@type":"EntryPoint","urlTemplate":"https:\/\/feda.org\/feda2k16\/?s={search_term_string}"},"query-input":{"@type":"PropertyValueSpecification","valueRequired":true,"valueName":"search_term_string"}}],"inLanguage":"es"},{"@type":"Organization","@id":"https:\/\/feda.org\/feda2k16\/#organization","name":"FEDA","alternateName":"Federaci\u00f3n Espa\u00f1ola de Ajedrez","url":"https:\/\/feda.org\/feda2k16\/","logo":{"@type":"ImageObject","inLanguage":"es","@id":"https:\/\/feda.org\/feda2k16\/#\/schema\/logo\/image\/","url":"https:\/\/feda.org\/feda2k16\/wp-content\/uploads\/NuevoLogo_FEDA_2016.png","contentUrl":"https:\/\/feda.org\/feda2k16\/wp-content\/uploads\/NuevoLogo_FEDA_2016.png","width":600,"height":600,"caption":"FEDA"},"image":{"@id":"https:\/\/feda.org\/feda2k16\/#\/schema\/logo\/image\/"},"sameAs":["https:\/\/www.facebook.com\/federacionespanoladeajedrez\/","https:\/\/x.com\/AjedrezEspanola","https:\/\/www.instagram.com\/federacionespanolaajedrez\/?hl=es","https:\/\/www.youtube.com\/@FederacionEspanoladeAjedrezFED\/featured"]}]}},"_links":{"self":[{"href":"https:\/\/feda.org\/feda2k16\/wp-json\/wp\/v2\/pages\/27645","targetHints":{"allow":["GET"]}}],"collection":[{"href":"https:\/\/feda.org\/feda2k16\/wp-json\/wp\/v2\/pages"}],"about":[{"href":"https:\/\/feda.org\/feda2k16\/wp-json\/wp\/v2\/types\/page"}],"author":[{"embeddable":true,"href":"https:\/\/feda.org\/feda2k16\/wp-json\/wp\/v2\/users\/5"}],"replies":[{"embeddable":true,"href":"https:\/\/feda.org\/feda2k16\/wp-json\/wp\/v2\/comments?post=27645"}],"version-history":[{"count":14,"href":"https:\/\/feda.org\/feda2k16\/wp-json\/wp\/v2\/pages\/27645\/revisions"}],"predecessor-version":[{"id":27861,"href":"https:\/\/feda.org\/feda2k16\/wp-json\/wp\/v2\/pages\/27645\/revisions\/27861"}],"wp:attachment":[{"href":"https:\/\/feda.org\/feda2k16\/wp-json\/wp\/v2\/media?parent=27645"}],"curies":[{"name":"wp","href":"https:\/\/api.w.org\/{rel}","templated":true}]}}